+ 360*o**2 + 1380*o - 122. Determine x(-21).
4
Let w(a) = -8*a**3 - 89*a**2 - 256*a - 1658. Give w(-10).
2
Let t(n) = n**2 + 7853*n - 173242. Give t(22).
8
Let v(a) = -1231*a + 49242. Give v(42).
-2460
Let o(r) = 10226*r + 132942. Determine o(-13).
4
Let w(r) = 381*r - 7420. Calculate w(19).
-181
Let b(d) = -3*d**3 - 63*d**2 + 258*d + 1139. Determine b(-24).
131
Let f(d) = 4276*d - 354918. What is f(83)?
-10
Let v(c) = -1515846*c - 6063365. Give v(-4).
19
Let a(d) = 18*d**2 + 524*d + 29. Determine a(-29).
-29
Let l(h) = 161915*h - 78528771. Determine l(485).
4
Let i(p) = -136*p**2 - 500*p + 4167. Give i(4).
-9
Let b(s) = -1498*s**2 - 10627*s - 969. Give b(-7).
18
Let s(z) = 2*z**3 + 116*z**2 + 37*z + 1318. Calculate s(-58).
-828
Let b(t) = -7551*t + 369980. Give b(49).
-19
Let n(h) = -136*h - 2434. Give n(-11).
-938
Let c(i) = -2062*i + 5172. Determine c(2).
1048
Let n(h) = 157*h - 7377. Determine n(46).
-155
Let a(w) = -10339*w - 72265. Give a(-7).
108
Let n(m) = 400*m - 3373. Give n(5).
-1373
Let s(n) = -n**2 + 1874*n + 15063. Give s(-8).
7
Let i(z) = -12570*z - 25046. Calculate i(-2).
94
Let i(k) = k**3 - 239*k**2 - 132*k - 27574. Determine i(240).
-1654
Let t(m) = m**3 + 5*m**2 - 49*m - 116. Determine t(-2).
-6
Let x(d) = -676*d - 5460. What is x(-8)?
-52
Let a(i) = i**2 + 502*i - 50488. Calculate a(86).
80
Let v(x) = 15*x**2 + 526*x - 12273. Calculate v(16).
-17
Let y(c) = 20*c**2 - 651*c - 34750. What is y(61)?
-41
Let v(q) = 31582*q - 18064908. Give v(572).
-4
Let d(r) = -320*r - 2824. Calculate d(-5).
-1224
Let q(u) = 2*u**3 - 143*u**2 - 1396*u + 2883. Give q(80).
3
Let f(x) = -9*x**3 - 29*x**2 - 5*x + 18. What is f(3)?
-501
Let u(s) = 632*s - 25924. Determine u(41).
-12
Let c(f) = f**3 + 363*f**2 + 29770*f + 2509. Determine c(-125).
9
Let b(l) = -l**3 + 38*l**2 - 184*l + 4146. What is b(39)?
-4551
Let y(f) = -5*f**2 - 7821*f - 2767752. Determine y(-541).
4
Let u(r) = 55*r**3 + 2916*r**2 + 49*r - 211. Determine u(-53).
1
Let f(o) = -o**2 + 4625*o + 37145. Give f(-8).
81
Let k(o) = 5*o**2 - 1297*o + 16288. What is k(13)?
272
Let z(y) = -y**2 + 248*y - 5070. Determine z(21).
-303
Let j(f) = -5*f**3 - 54*f**2 + 73*f + 48. Calculate j(-12).
36
Let k(g) = g**2 - 246*g + 4207. What is k(19)?
-106
Let n(f) = 1041*f + 1159661. Determine n(-1114).
-13
Let t(k) = -2*k**2 + 97*k + 45. Calculate t(30).
1155
Let k(t) = -t**3 - 6*t**2 + 10*t + 6. Determine k(4).
-114
Let x(k) = 18*k**2 + 154*k - 204. Give x(1).
-32
Let p(k) = -848*k - 3640. Give p(-5).
600
Let b(c) = 2906*c + 72216. What is b(-25)?
-434
Let j(l) = -20304*l - 446729. Calculate j(-22).
-41
Let i(r) = -r**2 - 6214*r + 62227. Determine i(10).
-13
Let t(q) = 277773*q - 555551. Give t(2).
-5
Let a(b) = 2*b**3 + 659*b**2 + 273*b - 18428. What is a(-329)?
-4
Let a(w) = -1977*w + 20058. What is a(10)?
288
Let q(f) = -93882*f - 93882. What is q(-1)?
0
Let i(p) = 107*p - 2023. Give i(19).
10
Let y(l) = -l**3 - 208*l**2 + 1055*l - 466. What is y(-213)?
1664
Let i(r) = -333*r - 44959. Determine i(-135).
-4
Let m(o) = 467*o**2 + 3691*o - 320. Determine m(-8).
40
Let x(m) = 2*m**2 - 937*m + 27639. Calculate x(437).
108
Let p(i) = -5*i**3 + 10*i**2 - 26*i + 10. Determine p(5).
-495
Let o(p) = 9*p**2 + 2048*p + 3146. Calculate o(-226).
-18
Let b(c) = -2202*c + 8762. Give b(4).
-46
Let r(c) = 246*c - 1117. What is r(6)?
359
Let a(n) = -2*n**3 - 20*n**2 - 129*n - 270. Give a(-3).
-9
Let h(t) = -9450*t - 23738401. Calculate h(-2512).
-1
Let j(w) = 6*w**3 - 85*w**2 - 23*w + 375. Determine j(14).
-143
Let h(w) = -7*w**2 + 95*w - 1131. Calculate h(17).
-1539
Let k(f) = 48*f**3 + 102*f**2 + 39*f + 49. Give k(-2).
-5
Let d(u) = u**2 - 749*u - 1491. Determine d(-2).
11
Let z(b) = 4*b**3 - 222*b**2 + 134*b - 1325. Give z(55).
-5
Let h(k) = 2*k**2 + 416*k + 16114. Calculate h(-51).
100
Let k(n) = n**2 - 587*n + 16157. What is k(29)?
-25
Let m(f) = 3*f**3 - 1395*f**2 + 1348*f + 20394. Give m(464).
-22
Let d(w) = -5*w**3 - 66*w**2 - 4*w + 80. Determine d(-14).
920
Let k(s) = 1300*s + 2433. Give k(-7).
-6667
Let w(l) = 13*l**3 - 326*l**2 + 1242*l - 30431. Calculate w(25).
-6
Let r(j) = j**3 + 83*j**2 - 66*j + 883. Give r(-84).
-629
Let i(k) = -1269*k - 762680. Determine i(-601).
-11
Let v(c) = -58*c**2 + 134*c - 207. Give v(-6).
-3099
Let t(n) = 56*n**2 + 69*n + 152. Calculate t(-2).
238
Let z(b) = -b**3 - 203*b**2 + 600*b + 40. Calculate z(3).
-14
Let s(z) = -z**3 + 35*z**2 - 166*z + 3405. Determine s(33).
105
Let m(i) = 2*i**3 + 200*i**2 + 2561*i + 164. Give m(-15).
-1
Let u(p) = -41882*p + 1047041. What is u(25)?
-9
Let h(b) = 365487*b - 60305357. Calculate h(165).
-2
Let t(r) = 2*r**3 + 70*r**2 - 537*r - 1860. Determine t(-41).
-15
Let n(o) = 665*o - 23944. Give n(36).
-4
Let y(j) = -j**3 - 339*j**2 + 2424*j + 600. Give y(-346).
-92
Let p(f) = 4*f**2 + 539*f - 4791. Calculate p(9).
384
Let s(f) = 15837*f + 95025. Give s(-6).
3
Let b(l) = 68029*l - 272253. Give b(4).
-137
Let c(f) = f**3 + 189*f**2 + 1263*f - 1467. Determine c(-8).
13
Let p(z) = -2*z**2 - 1230*z + 20190. Calculate p(16).
-2
Let m(n) = -n**3 + 62*n**2 + 855*n + 2430. Determine m(74).
-12
Let a(o) = 1755*o - 89469. Calculate a(51).
36
Let u(x) = -5*x**2 + 521*x - 1302. Give u(102).
-180
Let s(c) = -284*c**2 + 1206*c - 939. What is s(1)?
-17
Let c(j) = -j**3 + 27*j**2 + 821*j + 5. Determine c(0).
5
Let d(x) = x**3 + 24*x**2 - 1514*x - 675. What is d(29)?
-8
Let r(c) = -c**3 - 37*c**2 - 640*c - 2. Give r(0).
-2
Let d(h) = -595*h + 15718. Determine d(26).
248
Let n(z) = -2557*z + 2455. Determine n(1).
-102
Let g(q) = 24*q**3 + 4*q**2 - 5*q - 140. Determine g(5).
2935
Let i(m) = -328*m**3 + 149*m**2 + 10*m - 3. What is i(1)?
-172
Let m(g) = -2*g**3 + 6*g**2 + 19*g - 141. Give m(-8).
1115
Let z(d) = -3*d**2 + 55*d - 2403. Calculate z(20).
-2503
Let b(v) = -17083*v + 51329. Calculate b(3).
80
Let z(r) = 538*r - 320642. What is z(596)?
6
Let t(l) = 313*l + 105567. Give t(-329).
2590
Let h(c) = -c**3 + 1553*c**2 + 15640*c + 100. Give h(-10).
0
Let m(r) = 2*r**3 + 65*r**2 + 608*r + 21408. Calculate m(-33).
255
Let w(s) = s**2 - 5143*s - 160366. Determine w(-31).
28
Let z(n) = 20*n**3 - 55*n**2 - 2565*n - 64. What is z(-10)?
86
Let g(p) = 36*p - 225. Give g(-58).
-2313
Let f(y) = -3*y**2 - 239*y - 3408. Give f(-62).
-122
Let d(r) = 4821*r + 867782. Calculate d(-180).
2
Let i(u) = -17*u**3 + 113*u - 23. Give i(0).
-23
Let o(n) = -5*n**3 - 2*n**2 - 88*n - 234. Give o(-3).
147
Let t(y) = 14623*y + 219390. Calculate t(-15).
45
Let o(h) = -40*h - 2931. Give o(-75).
69
Let k(u) = 39*u**2 + 2891*u - 426. What is k(-74)?
-796
Let n(p) = p**3 - 40*p**2 - 294*p + 1990. Calculate n(47).
3635
Let k(m) = -1460*m + 459873. Give k(315).
-27
Let a(s) = -s**3 + 565*s**2 + 445*s + 68490. What is a(566)?
4
Let a(d) = 89*d - 3483. Give a(39).
-12
Let b(v) = -v**2 - 40*v - 284. Calculate b(-13).
67
Let j(y) = 256128*y + 12038016. Calculate j(-47).
0
Let l(t) = 3*t**3 + 48*t**2 - 43*t + 197. Determine l(-17).
61
Let q(z) = 10*z**2 - 687*z - 62. Determine q(70).
848
Let f(r) = -30*r**3 - 48*r**2 + 9*r - 2. What is f(2)?
-416
Let a(u) = 10*u**3 + 514*u**2 - 15*u - 38. Calculate a(0).
-38
Let w(d) = 12*d**2 + 279*d - 107. Determine w(-23).
-176
Let x(q) = 8893*q + 417984. Calculate x(-47).
13
Let x(w) = -3073*w - 2795. Calculate x(0).
-2795
Let q(j) = -2*j**2 - 244*j - 1428. What is q(-113)?
606
Let s(j) = -j**3 + 19*j**2 - 79*j + 143. What is s(15)?
-142
Let a(v) = -2*v**2 + 193*v + 38. Calculate a(12).
2066
Let l(j) = -167*j - 1385. Determine l(-12).
619
Let g(r) = r**2 + 58*r - 35399. Calculate g(162).
241
Let y(s) = -377*s**2 - 5647*s + 98. Calculate y(-15).
-22
Let t(d) = -2352*d - 405576. Determine t(-172).
-1032
Let l(o) = -o**2 - 2986*o - 47526. What is l(-16)?
-6
Let u(c) = -15*c**3 + 7*c**2 + 47*c + 88. Calculate u(-2).
142
Let u(y) = -3*y**3 - 122*y**2 + 2478*y + 99898. Determine u(-41).
-19
Let t(n) = 309507*n - 3714096. Give t(12).
-12
Let v(i) = 9*i**3 - 143*i**2 - 38*i + 63. What is v(15)?
-2307
Let h(y) = 7521*y + 473719. Give h(-63).
-104
Let w(t) = -t**3 - 372*t**2 + 475*t - 102134. Determine w(-374).
-32
Let u(p) = -p**3 + 63*p**2 - 823*p - 506. Give u(44).
66
Let l(v) = -9*v**3 - 31*v**2 - 8607*v - 8577. Calculate l(-1).
8
Let h(l) = 1994*l - 19927. Calcu